 digit of d?
2
Let a = 53 + -34. Let c = 130 + a. What is the tens digit of c?
4
What is the units digit of (-34896)/32*(-6)/9?
7
Let d be -4 + (3 - -21 - 5). Suppose d*z = 10*z + 990. What is the tens digit of z?
9
Let u be (-2 - 4)/2 - -9. Let g(l) = l**3 - 7*l**2 + 6*l + 8. What is the units digit of g(u)?
8
Let c = -3 + 6. Suppose c*z - 4 = 4*a + 49, 4*a = -3*z + 61. What is the tens digit of z?
1
Let t(r) = -97*r + 14. What is the units digit of t(-9)?
7
Let k be (0 - 1) + 1 + -1 + 5. Suppose -7*l = -4*l + m - 156, k*l = 3*m + 221. What is the tens digit of l?
5
What is the units digit of 53/(-689) - (-885)/13?
8
Let g = -1281 + 1954. What is the units digit of g?
3
Let d = 45 + -41. Suppose -g - d = -9. What is the units digit of g?
5
Let z(v) = 2*v**2 + 2*v + 7. Suppose 0 = 11*a - 16*a + 30. What is the units digit of z(a)?
1
Let h(w) = -w**3 - 2*w - 7. Let z = -14 - -18. Suppose -3*l - 8 = 5*m + z, -3*m - 11 = -2*l. What is the units digit of h(m)?
6
Let a(g) = -g**3 + 8*g**2 + 6. Let h be a(8). Suppose -13*u - h = -16*u. What is the units digit of u?
2
Let l(s) = s - 7. Let a be l(12). What is the tens digit of (a/10)/((-2)/(-568))?
4
Let n be 36/30 - 2/10. What is the hundreds digit of (1/n)/(-3)*-411?
1
Let v be (-15)/10*(-3 + 1). Let g = -261 + 265. Suppose v*h - 135 = -3*z, g*h - 243 = -h + z. What is the tens digit of h?
4
Let z(m) = -50*m + 673. What is the hundreds digit of z(-70)?
1
What is the hundreds digit of (92/18 + (-36)/81)*219?
0
Let f = -558 + 1196. What is the tens digit of f?
3
Suppose 52 + 20 = -4*l. Let d(y) = y**3 + 18*y**2 + y + 32. What is the tens digit of d(l)?
1
Let q(v) = -v**2 - 5*v - 4. Let x be q(-3). Suppose 2*n + j = n + 551, 2*j - x = 0. What is the tens digit of (-6)/(-21) + n/35?
1
Suppose 395 = 2*k + 19. Let z = k - 16. What is the hundreds digit of z?
1
Let b = 490 - 250. What is the hundreds digit of b?
2
Let w(t) = 24*t**2 + t + 1. Let q be w(-1). Let f(n) = -n + 3*n**3 - 23*n**2 + q*n**2 - 2*n**3 + 15. What is the tens digit of f(0)?
1
Suppose 200 = 6*v - 406. What is the units digit of v?
1
Let z = 0 - -5. Suppose 3*k - 5*a - 1 = -10, a = -k + z. Suppose 0*h = k*h - 20. What is the tens digit of h?
1
Suppose -3 = -4*f + 5. Let n be f/5 - 140/(-25). Suppose -y + n = -21. What is the tens digit of y?
2
Let g(k) = k**3 - 3*k**2 + 3*k + 6. Let d be g(3). Let u = 87 + d. What is the tens digit of u?
0
Let n(d) = 3 + 19*d - 5 - 18*d + d**2. Let t be n(-3). What is the tens digit of (t/5)/((-16)/(-1080))?
5
Let l = 4 - 2. Suppose 0 = -l*z + 7*z - 255. What is the units digit of z?
1
Suppose 4*m + 4*h - 68 = 0, 0 = -m + 4*h + 17 - 5. Let q = 23 - m. What is the units digit of q?
7
Let u(i) = 4*i**3 - 4*i**2 - i + 4. Let w = 108 - 104. What is the tens digit of u(w)?
9
Suppose -5*r - 2*j - 66 + 26 = 0, -2*r = -4*j - 8. Let l = r + 14. Suppose -l*k + 44 = -7*k. What is the tens digit of k?
4
Let m be -3 - (-7)/1 - 1. Suppose -m*w = -w - 126. What is the units digit of w?
3
Let x be 5 - (-3 - (-3 + 0)). Let g = 0 + x. What is the units digit of g/(-5) - 1*-25?
4
Suppose -7*o - 15 = -281. Suppose 690 = -35*c + o*c. Suppose 4*t - 26 = c. What is the tens digit of t?
6
Suppose 2*v - 7*j - 36 = -2*j, -5*j = 2*v - 16. Let h = v - -39. Suppose 0 = -2*t - 2*x + 10, 2*t - 4*x - h = -3*t. What is the units digit of t?
8
Suppose -23*n = -25*n + 10. Let v(l) = -l**3 + 5*l**2 + 4*l - 3. What is the tens digit of v(n)?
1
Let g(b) = b**3 + 14*b**2 + 24*b - 4. Let y be g(-12). What is the tens digit of 254/7 - y/(-14)?
3
Let t be 7/(28/(-32))*3/(-6). Suppose 0 = -t*m + 526 - 10. What is the tens digit of m?
2
Let j(t) = 69*t + 86 - 36*t - 32*t. What is the tens digit of j(0)?
8
Let p = -78 + 78. Suppose -s - 5*s + 642 = p. What is the units digit of s?
7
Let c be ((-140)/(-16))/(-7)*-4. Suppose -14 = -3*m - c. Suppose 0 - m = v, 0 = -5*b + 4*v + 97. What is the units digit of b?
7
Let r be 2/4*-18*1. Suppose k - 2 = 2*v - 7, 3*v + 5 = 4*k. Let j = k - r. What is the units digit of j?
4
Let r(a) = 35*a**2 + 4*a - 43. What is the thousands digit of r(6)?
1
Let a(z) = -16*z**2 + 4*z + 4. Let t be a(-1). What is the tens digit of 2/(-8) - (1596/t)/7?
1
Suppose -7*h + 20 = -2*h. Suppose -2*f - h*v = -22, 5*f + 0*v - 68 = 3*v. Suppose -12 = -g - 3*y, -4*g + f = -y - 48. What is the units digit of g?
5
Let i(n) = -3*n + 11. Let o be 86/(-3) + (-8)/6. Let v be (-48)/5 - (-12)/o. What is the tens digit of i(v)?
4
Let x = -77 + 80. Suppose -408 = -x*j + j. What is the units digit of j?
4
Let u(y) be the third derivative of 19*y**5/60 - 7*y**4/24 - y**3/2 - 26*y**2. What is the tens digit of u(-3)?
8
Suppose -2*l = -0 + 4, -s - 4*l = -12. What is the units digit of (-12)/s + 223/5?
4
Suppose -4*r - 5*i - 41 = -126, -r - 3*i + 30 = 0. Let m(o) = o**3 - 14*o**2 - 9*o + 32. What is the tens digit of m(r)?
2
Let k(w) = 2*w**2 - 2 + 3*w + 11 + 6*w. Let g = 51 - 57. What is the units digit of k(g)?
7
Let l be ((-8)/(-10))/(2/60). Let p = l + -37. Let n = 1 - p. What is the tens digit of n?
1
Let o(d) = -d**2 - 12*d - 9. Let u be o(-11). Suppose -19 = -u*w - a + 3, 4 = w - 3*a. What is the tens digit of w?
1
Let d = 11 - 28. Let z = d + 36. What is the units digit of z?
9
What is the thousands digit of 3/(9/(-12))*(-819 + -11)?
3
Let f be 1/(2/(-1888)*-4). Let d = f + -112. What is the hundreds digit of d?
1
Let i = -424 + 1027. What is the hundreds digit of i?
6
Let i be -1002 + -1 + 0 + 3. Let k be i/(-28) + 6/21. Let x = k + 1. What is the units digit of x?
7
Let g(u) be the first derivative of -u**4/4 + 8*u**3/3 + u**2/2 - u - 13. What is the tens digit of g(4)?
6
Suppose -5*g + 4137 = 4*l, 2*g - 418 = 4*l - 4520. What is the hundreds digit of l?
0
Let y(w) = w**3 - 10*w**2 + 20*w - 46. What is the units digit of y(11)?
5
Let v(u) = u**3 + 6*u**2 - 3*u + 10. Let i be v(-8). Let r = 161 + i. What is the tens digit of r?
6
Let g = 145 - 80. Let h = 148 - g. What is the units digit of h?
3
Suppose -342*s - 380 = -346*s. What is the tens digit of s?
9
Let g(q) = q**3 + 5*q**2 - 6*q + 4. Let m be g(-6). Suppose m*s = 2*s + 58. What is the units digit of s?
9
Let a(p) = p. Let q be a(-3). Let v(b) = b**2 - 2*b + 2. Let k be v(3). Let c = k - q. What is the units digit of c?
8
Let y be 34 + ((-15)/10)/(3/2). Suppose -16 - y = -7*a. What is the units digit of a?
7
Let c = -22 - -24. Suppose 0*u = -c*u + 44. What is the units digit of (187/u)/(2/4)?
7
Let o(i) = -11*i + 25. Suppose 2*p = 2*m + 22, 4*m + 4*p - 8 = 2*m. What is the units digit of o(m)?
1
Let j be (40/5)/((6/(-8))/(-3)). Let d(c) = -9*c + 4. Let p be d(-3). Let a = j - p. What is the units digit of a?
1
What is the tens digit of ((-2400)/(-560))/(2 + (-7106)/3556)?
4
Let j be (1 + (2 - -39))/(-1). What is the tens digit of (-1841)/j + 3/18?
4
Suppose 5*u = 2*p - 493, -p - 198 = 2*u - 2*p. Let o = u + 144. What is the units digit of o?
7
Let b = 2 - -3. Suppose -3*h - 5*m + 59 = -173, 25 = b*m. What is the units digit of h?
9
Let x be (-2896)/(-44) - 6/(-33). Suppose 4*u = -2*q - 42, 5*u + 2*q + x = 11. Let p = 64 + u. What is the tens digit of p?
5
Suppose -6*r = -2*r - 1060. Suppose -2*s - r = b, 2*b = b + 1. Let x = -95 - s. What is the tens digit of x?
3
Let d(m) = -m**2 + 9*m - 20. Let q be d(6). What is the units digit of ((-18)/(-24))/(q/(-176))?
6
Suppose -a + 0 = 1, a + 427 = 3*g. Suppose -4*l + g = -410. What is the hundreds digit of l?
1
Suppose -7247 = -14*k + 5409. What is the tens digit of k?
0
Let p = 2799 + -480. What is the units digit of p?
9
Suppose 2*s - b + 6 = 0, -2*s - b - 4 = -3*b. What is the tens digit of 90 + -4*(s/16 - -1)?
8
Let v(t) = t**3 + 7*t**2 - 7*t + 9. Let h be v(-8). Let j be 133 + -1 + -2 + h. Suppose 5*w - j + 26 = 0. What is the units digit of w?
1
Let b(l) = -11*l**2 - 14*l + 96. Let r(q) = -4*q**2 - 5*q + 32. Let m(s) = -3*b(s) + 8*r(s). What is the units digit of m(-10)?
8
What is the tens digit of (-18)/24*4*-103?
0
Let v(t) be the first derivative of -14*t**2 - 7*t - 12. What is the tens digit of v(-2)?
4
Let f = 8 + -4. Suppose 3*y = v + 9, -f*v + 12 + 0 = 0. Suppose y*i - 78 = 2*i. What is the units digit of i?
9
Suppose 4 = -3*z + 4*z. Suppose 3*n = -z*c - 39, -45 = 4*c + c + 3*n. Let v(d) = d**3 + 6*d**2 - 5*d - 7. What is t